(s) be the third derivative of -s**7/504 - s**6/360 - s**5/120 - 25*s**4/24 + 19*s**2. Let f(l) be the second derivative of v(l). Determine f(-1).
-4
Let r(d) = -d + 6 + 2*d + 3 - 5 - 3. What is r(7)?
8
Suppose -l - 8 = -2*l. Let v(h) = 4*h**2 + 9*h + 9. Let o(q) = 11*q**2 + 26*q + 27. Let x(d) = l*v(d) - 3*o(d). Determine x(-6).
-9
Suppose 0 = -4*w + 4*m - 12, -8*m - 36 = 4*w - 4*m. Let h(x) be the second derivative of -x**5/20 - x**4/2 + x**3/3 - 3*x**2/2 - x. Calculate h(w).
-15
Let a(n) be the second derivative of n**5/20 + n**4/2 + n**3/6 + n**2 - 307*n. Determine a(-6).
-4
Suppose -4*l = -5*u + 15 + 20, 29 = 4*u - 3*l. Let j(q) = 3*q**2 - 31*q - 14. Let z be j(u). Let h(k) = k**2 - 7*k - 11. Determine h(z).
-3
Suppose 0 = q - 4*q. Let w(y) = q*y**3 + y + 78 + y**3 - 79. What is w(1)?
1
Let w(f) = f**3 + 11*f**2 + 22*f + 29. Let u be w(-9). Let x(i) = -i**2 - 8*i - 5. What is x(u)?
2
Let w(f) be the first derivative of f**3/3 + 7*f**2/2 - 5*f + 8. Let o be w(-8). Let b(d) be the first derivative of d**2 - 2. Give b(o).
6
Let f(z) = 9*z - 41. Let i be -5*(-24)/(-40) - -9. What is f(i)?
13
Let k(t) = 7*t - 1. Suppose 5*s + 7*i + 12 = 0, -i + 7 = 8. Calculate k(s).
-8
Let a(z) = -5*z**3 + z**2 - 2*z + 1. Suppose -7*n + 22 = 15. Calculate a(n).
-5
Let r(g) = g**2 + 4*g - 5. Suppose 6 = -5*z - 19. Give r(z).
0
Suppose 3*o + 0 = 5*d - 2, -4*o + 4 = 0. Let h(i) = -3*i - 8. Let j(z) = z + 1. Let w(u) = d*h(u) + 4*j(u). Give w(3).
-1
Let j(k) = k**2 - k + 2. Let g be 52/20 - (-3)/(-5). What is j(g)?
4
Let n(s) = s**2 - s - 4. Suppose -24 = -5*m + 13*m. Determine n(m).
8
Let a(f) = -f**3 - 7*f**2 - 7*f - 5. Let t be (-28)/12 - (-8)/(-12). Let g be 3 + (-3)/t - 2 - 8. Calculate a(g).
1
Suppose -192 = -24*i + 40*i. Let j(k) = 3*k + 30. Give j(i).
-6
Let t(m) = -27*m - 2387 - 6*m**3 + 2386 + 28*m + m**2. Calculate t(-1).
5
Let y(z) = 2*z + 27. Let n(k) = k**3 + 8*k**2 + 22*k + 18. Let j be n(-5). Give y(j).
-7
Let h(p) = p**3 - 19*p**2 + p - 17. Let q be h(19). Let g(b) = -5*b + 3. Give g(q).
-7
Let d(j) = -j**2 + 4*j + 2. Let b(i) = -i**2 - 15*i + 60. Let u be b(-18). What is d(u)?
-10
Let l(h) = 8*h - 1. Suppose -3*g + 4 = 5*u, -4 = 3*g + 18*u - 17*u. Determine l(g).
-17
Suppose 0 = -m + 4*m - 12. Let f(q) = 4*q. Let h(t) = -5*t + 1. Let s(u) = m*f(u) + 3*h(u). Suppose 0 = 3*l - 0*l + 6. Give s(l).
1
Suppose -q + 4*q - 6 = 0. Let k(i) = i**2 - i - 1. Let n be k(q). Let z(o) = o + 3. Let v(j) = -j - 7. Let s(c) = 6*v(c) + 14*z(c). What is s(n)?
8
Suppose 3*w = w + 10. Let r(g) = 3*g**2 - w*g + g**3 - 2*g**2 + 3*g**2 + 6. Let s(t) = -31*t + 739. Let j be s(24). Calculate r(j).
6
Let a = -1759 + 1762. Let l(r) be the third derivative of -r**6/120 + r**5/15 - r**4/6 + r**3/3 + r**2. Determine l(a).
-1
Suppose v = -4*v, 4*r - 3*v + 32 = 0. Let p(w) = 3859*w**2 + 4*w - 3858*w**2 + 4*w - 2. What is p(r)?
-2
Let q(k) = k**3 - 11*k**2 - 27*k + 11. Let d = 1861 - 1848. Determine q(d).
-2
Let h(l) = -l - 4. Suppose 0*p - 3*p - 30 = 0. Let x be h(p). Let v(b) = b + 2. Give v(x).
8
Let q(b) = 4*b**2 + b. Let x(z) be the first derivative of -2*z**3/3 - 41*z**2/2 - 19*z - 12. Let l be x(-20). What is q(l)?
5
Let g be 2 + (-36)/4*-2. Let r = g - 17. Let z(c) = -2*c**2 - r*c**3 + 8*c + c - 8*c. Give z(-2).
14
Let m be (1 - -10)*(0/(-4) - 5). Let z = -54 - m. Let j(w) = w**2 + 3*w**2 - 2*w**2 - 2*w + 1 - 2*w**3. Determine j(z).
-1
Let m(j) be the second derivative of -3*j**3/2 + 2*j. Let s = 54 - 55. What is m(s)?
9
Let g(m) = -2*m + 19. Let x(t) = t - 9. Let f(w) = -6*g(w) - 13*x(w). Let r = 13 - 10. Suppose 0*u - r*u + 9 = 0. Determine f(u).
0
Let n(o) be the second derivative of 1/20*o**5 - 1/6*o**3 + 0 + 7*o + 9/2*o**2 + 0*o**4. Give n(0).
9
Let v(y) = y**2 - 16*y + 46. Let u be v(12). Let p(l) = -l + 6. Let t(x) = -2. Let a(c) = u*p(c) - 5*t(c). What is a(-3)?
-8
Let f be (-6 + 7)*(2 - -5). Suppose -f*t = -t - 24. Let y(d) = -6*d + 7 - t - d + 2*d. Calculate y(2).
-7
Let c be (2 + -3)/(2/(-2)*1). Let o(t) = 3*t**3 + t**2 - 1. What is o(c)?
3
Let m be 2 - (1 + -11)/(-1). Let v be m/(-28) - 78/(-21). Let h be 0/(-3 + 0 + v). Let d(r) = r + 1. What is d(h)?
1
Let f(y) = -33 + y + 6*y + 106 - 3*y. Let g be f(-20). Let h(s) = s**3 + 7*s**2 + 2*s + 7. Determine h(g).
-7
Suppose 176*g + 54 = 185*g. Let i(z) = 7*z**2 + 1 + 7 - 5*z - 3*z**3 + 2*z**3. Give i(g).
14
Let j(g) = -g**3 - 5*g**2 + 7*g + 8. Let x be (-9)/(-15) - 56/35. Let v be x/4 - (345/(-20))/(-3). What is j(v)?
2
Let a = 4465/12 + -372. Let n(g) be the second derivative of -5*g - 7/2*g**2 + a*g**4 + 5/6*g**3 + 0. What is n(-6)?
-1
Let a(r) be the second derivative of r**5/20 + r**4/2 + r**3/2 - 4*r + 9. Determine a(-6).
-18
Let y(i) = -i**2 - 4*i - 7. Let j be y(-5). Let w = -12 - j. Let u(m) = m**3 + 5*m + 5*m**2 + w*m**2 + m**2. Calculate u(-4).
12
Let b be 108/126*42/(-9). Let k(f) = -6*f - 19. Determine k(b).
5
Let j(s) be the second derivative of 1/6*s**3 + 1/4*s**4 + 1/2*s**2 + 0 - 15*s. Let k(l) = 2*l + 1. Let o be k(-1). Determine j(o).
3
Let o(y) = -2*y - 2. Let i(s) be the first derivative of 3*s**2/2 + 4*s + 3. Let c be i(-3). Determine o(c).
8
Let r(q) = 2*q - 8 + 6 - 12 + 2*q - 9. Calculate r(7).
5
Let c(w) = 0*w - 3*w - 2*w + 7*w. Determine c(5).
10
Let q(f) = 3*f - 4*f + 7 - f + f. Let d(n) = -n. Let b(h) = -h**2 + 2*h + 2. Let i(x) = b(x) - 3*d(x). Let g be i(4). Calculate q(g).
1
Let r(k) be the first derivative of k**4/4 + 13*k**3/3 - 8*k**2 - 13*k - 347. Give r(-14).
15
Let n(r) = -5*r + 1. Let m be n(-1). Suppose 0 = 3*a + v + m, 3*a + 3*v - 7*v + 6 = 0. Let h(k) be the second derivative of k**3/6 + k**2/2 - k. Determine h(a).
-1
Let k(c) be the first derivative of -c**4/4 - 2*c**3/3 + c**2 - 2*c - 129. Calculate k(-3).
1
Suppose 0 = 8*l - 13*l + 20. Suppose -b - 27 = l*z, -z + 2*b - 6 = z. Let a(x) = x**3 + 7*x**2 + 6*x + 4. What is a(z)?
4
Let o(c) be the second derivative of -c**3/2 - 3*c. Let y be (-1)/((-15)/(-4) - 4). Suppose 3 - y = 2*p - 5*f, -2*p = 3*f - 7. Give o(p).
-6
Let f = 7 - 28. Let q be (f/3)/(-1 + 2). Let b = q - -9. Let u(z) = -z**2 + 5*z - 2. What is u(b)?
4
Let w(l) be the first derivative of 8*l + 3 + 3*l**2 - 9*l + 2*l. Suppose 0 = -2*d + 3*x - 7, d + 0 = -x + 4. Calculate w(d).
7
Let l = -1 - 2. Let p(x) = -x**2 + 2*x - 7. Suppose -2*z - 13 = 3. Let g(v) = 3*v**2 - 5*v + 21. Let q(n) = l*g(n) + z*p(n). What is q(0)?
-7
Let f(v) be the third derivative of v**5/60 - v**4/24 - v**3/6 - 12*v**2. Let o(c) = c**2 + 2*c + 1. Let z(h) = -f(h) - o(h). Determine z(-3).
-15
Let r(x) = 38*x + 37. Let b(w) = -14*w - 11. Let v(s) = -11*b(s) - 4*r(s). Give v(17).
7
Let a(p) = 12*p - 23. Let v be a(9). Let o = v - 85. Let h(z) = -z - 21. What is h(o)?
-21
Suppose -4*r + 65 = -3*c, 2*r - c = 3*c + 30. Let g(x) = -8 + x - 3 + r - 10. Determine g(2).
-2
Let t(s) = s + 7. Let i be t(-4). Let k(q) = 4*q**3 - 2*q**2 + 2*q - 1. Let d be k(1). Let l(a) = -5*a**2 - 2*a**d + a**2 + i*a**3 + 3*a. Give l(3).
0
Let k(x) = 67 - 128 + 64 + 3*x. Determine k(6).
21
Let y(i) = -3*i**2 - 6*i - 1 + 0 + 4*i**2. Let h(z) = z**3 + 17*z**2 + 37*z - 3. Let o be h(-15). Let j = o - -115. Give y(j).
6
Let t(d) = -d**3 - 7*d**2 + 6*d + 3. Let s(c) = c**3 - 14*c**2 + 2*c - 36. Let k be s(14). What is t(k)?
19
Let x(w) = -w + 1. Let d = 323 + -318. What is x(d)?
-4
Suppose -19*m = -30*m + 143. Let k(b) = -b**2 + 14*b - 5. What is k(m)?
8
Let g(t) = 5*t + 172. Let p be g(-33). Let d(i) = i + 7. What is d(p)?
14
Let r(m) = -m**2 + 5*m - 2. Let x be (-4 - -7 - -5) + 3/(-1). What is r(x)?
-2
Let c(u) = 5*u**3 - 3*u**2 + u - 6. Let a(n) = 6*n**3 - 2*n**2 - 7. Let d(f) = -4*a(f) + 5*c(f). Calculate d(6).
-8
Let q = 24 + -19. Suppose -3*k = a + 11, -4*k + 25 = -9*k - q*a. Let b(r) = -4*r + 4*r - 2*r + r. What is b(k)?
3
Suppose 32 = 3*y + h, -y + 8*h - 16 = 3*h. Suppose 7*q = 4*q - y. Let f(r) = 4*r. Calculate f(q).
-12
Let h(s) = -993*s + 496*s + 3*s**3 + 497*s. Suppose -1 - 4 = -5*l. What is h(l)?
3
Suppose -9 - 47 = -2*v. Suppose 8 - v = -4*f. Suppose 0 = 4*l + l + f. Let h(a) = 6*a + 1. Give h(l).
-5
Let o(d) = d**3 + 4*d**2 - 3*d - 5. Suppose 0 = -5*c - 1 + 26. Suppose 5*r = -15 - c. Determine o(r).
7
Let y be (-3)/(18/(-55)) - (-4)/(-24). Let s(z) = -3*z + 24. Calculate s(y).
-3
Let k = -188 + 183. Let p